*z + 8. Let v be i(-6). Let p = v + -4. What are the prime factors of (-4)/(-1)*8/p?
2
Let i = 6 + -1. Suppose i*h - 6 = 44. List the prime factors of h.
2, 5
Suppose 0*p + 2*p - 2 = 0. Let j be -5 + 2 + p*-33. Let l = -23 - j. List the prime factors of l.
13
Let m be (-18)/(-12) - (-1)/(-2). Let w = 1 + m. What are the prime factors of w?
2
Suppose 0 = 4*f - 5*d - 46 - 53, 2*d + 90 = 4*f. What are the prime factors of f?
3, 7
Let d(n) = -6*n + 5 + 7 + 7*n. Let p = 2 + -2. List the prime factors of d(p).
2, 3
Suppose 2*j + 2*j = 0. Suppose j = d - 5*d. Suppose 0 = b - d*b - 16. List the prime factors of b.
2
Let h(o) = -4*o - 3. What are the prime factors of h(-5)?
17
Let u = 13 - 5. Suppose -u = j - 0*j. Let r = -4 - j. What are the prime factors of r?
2
Suppose -4*h = -18 + 46. Let f(n) = -n**2 - 10*n - 3. Let r be f(h). Suppose 3*c - 6*c + 27 = -2*j, -3*j + r = 2*c. List the prime factors of c.
3
Let r(a) = 8*a**2 + 7*a + 9. List the prime factors of r(-4).
109
Suppose -4*l - 37 = -301. List the prime factors of l.
2, 3, 11
Suppose 2*f = -5*h + 59 - 8, -4*h + 54 = -5*f. What are the prime factors of h?
11
Let x = -5 + 2. Let m = x + 7. Let q(r) = r - 1. What are the prime factors of q(m)?
3
Let v = -2 + 4. Suppose 5*w - 3*c - 60 = 36, -v = c. What are the prime factors of w?
2, 3
Let z(i) = 6 - 6*i**2 - 3*i - 3 - i**3 - 3 - 4. List the prime factors of z(-6).
2, 7
Let u be 2/4 + 669/(-6). Let b = 5 - 11. List the prime factors of u/(-9) - (-2)/b.
2, 3
Let j = -237 + 420. List the prime factors of j.
3, 61
Let p = -6 - -6. Let o(b) = b**2 + b - 13*b**3 + p*b + 1 - 4*b**3 + b**3. What are the prime factors of o(-1)?
17
Suppose 4*m - 1269 = -5*r + 140, 1057 = 3*m + 4*r. List the prime factors of m.
3, 13
Let b(o) be the first derivative of -17*o**4/4 + 2*o**3/3 - o - 3. What are the prime factors of b(-1)?
2, 3
Let n = 8 + -6. Suppose 0 = -2*r + 4, 4*r = n*a + 2*a - 48. Suppose -4*y = 12, -2*i + a = -3*y + 7*y. List the prime factors of i.
13
Suppose f + 4*k = 2*f - 11, -4*f + 4*k = -20. Suppose -z = 3*z + f*g - 59, -1 = -g. List the prime factors of z.
2, 7
List the prime factors of (-16)/56 + (-121)/(-7).
17
Let s = -19 + 53. List the prime factors of s.
2, 17
Let w(p) = 3*p**2 + 2*p. Let y be w(2). Suppose o - 3*o = -8. Suppose o*i - 3*i = y. List the prime factors of i.
2
Let l(n) = 22*n**2 + n - 2. Let s be l(-2). Suppose 0 = -7*b + 4*b + s. Suppose -3*u + 2*k + b = 0, -k - 7 = -2*u + 10. List the prime factors of u.
2, 3
Let u = 11 - 8. Suppose -u*v = -7*v + 24. Let p(l) = 2*l - 1. List the prime factors of p(v).
11
Let h = 194 - 161. List the prime factors of h.
3, 11
Let b be ((-3)/(-2))/(3/72). Suppose -3*n = -2*m + 4 - 11, -30 = -5*m - 2*n. Suppose r - 59 = -m*h, h + 10 - b = -4*r. List the prime factors of h.
2, 7
Suppose -6*i + 1292 = -94. List the prime factors of i.
3, 7, 11
Suppose s = -3*s + 8. List the prime factors of (-7 - s)*(1 + -2).
3
Let v(a) = 3*a + 8. Let j(b) = 6*b + 15. Let m(u) = -3*j(u) + 5*v(u). List the prime factors of m(-4).
7
Let x(u) = 2*u - u**3 + 9*u + 8*u**2 + u - 6. List the prime factors of x(9).
3, 7
Suppose 18*g + 1758 = 24*g. List the prime factors of g.
293
Suppose -4*a + 3*h + 103 = 0, 2*h = 2*a - 46 - 4. What are the prime factors of a?
2, 7
Let j be -5*(-3)/(-15)*-2. Let x be 2/((0 - j)/(-2)). List the prime factors of x/(-4) + 27/2.
13
Suppose 9*x - 2*x = 343. List the prime factors of x.
7
Suppose -2*b - 2*p = -2, -3*p + 5*p = -4*b. Let h be 58*2/(1 - b). Let f = h - 34. List the prime factors of f.
2, 3
List the prime factors of 6/(-8) - 62/(-8).
7
What are the prime factors of (3 - 321/6)*-2?
101
Let q = -125 - -183. What are the prime factors of q?
2, 29
Let r(l) = -l + 20. Let c be r(15). Let g(d) = -d**2 + 8*d - 1. What are the prime factors of g(c)?
2, 7
Let m(a) = a**2 - 7. Let s be m(7). Let t = s - 0. What are the prime factors of t?
2, 3, 7
Suppose g + g = 0, o - g = 6. Suppose -u + o = u. Let q = u + 10. List the prime factors of q.
13
Suppose -y - 6 = -4*y. Let g = 5 - y. List the prime factors of -10*g/(-12)*2.
5
Let d be 2 - (-56 + 4/2). Suppose -64 = -4*h + d. Suppose -4*z - h = -6*z. List the prime factors of z.
3, 5
Let c(y) = -13*y - 42. List the prime factors of c(-9).
3, 5
Suppose 5*d + 143 - 828 = 0. What are the prime factors of d?
137
Let h = 3 + -1. Suppose f - 87 = -h*f. Let t = -17 + f. List the prime factors of t.
2, 3
Let k be -4 - -5 - (-1)/1. Suppose -16 = -4*i - 2*d, d - 2*d + k = 0. List the prime factors of i.
3
Let n = 3 + -1. Let w be (-13)/n + 3/6. List the prime factors of (-15)/(-6)*w/(-5).
3
Let m(s) = s**3 - 9*s**2 + 8*s + 4. Let a be m(8). Suppose 3*y + 5*n - 3 + a = 0, 0 = -3*n - 6. List the prime factors of y.
3
Let n(f) = f**3 - 3*f**2 - 9*f + 6. Let x be n(6). Let q = -2 + 5. Suppose -q*t - 2*t - 36 = -3*j, -5*j + t = -x. What are the prime factors of j?
2, 3
Let v(n) = n - 2*n + 0 - 1. Let c be v(-3). Suppose c*s - 5 = 11. List the prime factors of s.
2
Let x be -16*-1*6/8. Let w be ((-4)/x)/(1/(-3)). List the prime factors of 6*5/2 - w.
2, 7
Let t = -8 + 10. Suppose 0 = 4*c + t*l - 22, 4*c + 3*l = 17 + 10. Suppose z + 5*y = -c*z + 76, z - 18 = -y. List the prime factors of z.
2, 7
What are the prime factors of (-2 - 13)/(-5)*(-272)/(-6)?
2, 17
Let w = -84 - -276. List the prime factors of w.
2, 3
Let t = -40 + 76. Suppose t = n + 2*p, n - 6*n - 2*p + 172 = 0. What are the prime factors of n?
2, 17
Suppose 0 = -5*b - 4*o + 75 + 359, 0 = b + 5*o - 91. What are the prime factors of b?
2, 43
Let y(s) = -s**2 + 8*s + 12. Let f be y(9). Suppose 2*r + 4*n + 12 = -2, f*n = 4*r - 27. What are the prime factors of r?
3
Let c = -23 + 9. What are the prime factors of (-34)/5*35/c?
17
Let m = -37 - -55. What are the prime factors of m?
2, 3
Let h = 0 - -4. Suppose 150 = h*x - 0*x - f, 0 = x + 5*f - 27. Let g = -22 + x. What are the prime factors of g?
3, 5
Let q be (-2)/(-3)*3*1. Suppose q*a - 2*h = -6*h + 8, -5*a - 4*h + 50 = 0. List the prime factors of a.
2, 7
Let f be (-2 - 28/(-4)) + -2. Let m(j) = -j**3 + 4*j**2 - 2*j + 4. List the prime factors of m(f).
7
Let f(q) = 2*q**3 - 2*q**2 - 2*q. What are the prime factors of f(3)?
2, 3, 5
Let a(d) be the first derivative of -d**3/3 - 3*d**2 + 5*d - 2. Let k be a(-6). Suppose 0 = k*y - 9 - 1. List the prime factors of y.
2
Suppose -u = -5 + 2. Suppose 20 = j - u. What are the prime factors of j?
23
Suppose -12*o + 15*o - 33 = 0. Suppose d - 7 = o. What are the prime factors of d?
2, 3
Suppose -2*m = -4*m - 16. List the prime factors of (-132)/8*m/6.
2, 11
Let n(k) be the first derivative of 11*k**2/2 - 10. Let y(d) = d**3 - d + 1. Let f be y(1). List the prime factors of n(f).
11
Suppose 0*q + q - 89 = -2*u, 5*q - 478 = u. List the prime factors of q.
5, 19
Let y(f) = -2*f + 12. List the prime factors of y(5).
2
Suppose 5*a = a. Let r = 2 + a. Suppose 0*z - r*z + 18 = 0. List the prime factors of z.
3
Suppose l = 4*k - 1, 2*l = -l - 5*k + 65. What are the prime factors of l?
3, 5
Suppose -q + 251 = 5*w, -253 = -5*w - 7*q + 4*q. What are the prime factors of w?
2, 5
List the prime factors of (-1 - -25) + (-16 - -17).
5
Suppose -15 = b - 45. Let x = 43 - b. What are the prime factors of x?
13
Suppose 0 = 2*m + 5*y - 601, -m - 3*y + 97 = -201. What are the prime factors of m?
313
Suppose -5*k + 302 - 112 = 2*n, -5*k = -5*n - 225. What are the prime factors of k?
2, 5
Let u = 11 + -3. Suppose 0 = -3*p + u*p - 15. List the prime factors of p.
3
Suppose 22*q = 24*q - 86. What are the prime factors of q?
43
Let x(b) be the first derivative of 11*b**3/3 + b + 1. Suppose 5*d = -3 - 2. List the prime factors of x(d).
2, 3
Let m = 93 - 7. What are the prime factors of m?
2, 43
Let a = 1 + 193. What are the prime factors of a?
2, 97
Let t be (-1)/((-10)/4 + 2). Suppose y = -3*y - t*o - 4, y = -2*o - 7. What are the prime factors of y + 3 + 2*6?
2
Let p = -68 + 127. List the prime factors of p.
59
Suppose -25 = u - 79. What are the prime factors of u?
2, 3
Let b(h) = -h + 8. Let x be b(11). Let t(k) = -6*k + 2. List the prime factors of t(x).
2, 5
Suppose 4*l = -8, 2*k + 56 = 3*k - 2*l. Suppose 12 = -4*x + k. List the prime factors of x.
2, 5
Suppose -20 = -2*n + 160. Suppose 6*y - n = y. List the prime factors of y.
2, 